{"id":11,"date":"2016-10-11T17:01:07","date_gmt":"2016-10-11T15:01:07","guid":{"rendered":"http:\/\/www.espc.be\/?page_id=11"},"modified":"2017-01-23T11:58:41","modified_gmt":"2017-01-23T10:58:41","slug":"liens","status":"publish","type":"page","link":"https:\/\/www.espc.be\/index.php\/liens\/","title":{"rendered":"Liens"},"content":{"rendered":"<p>Liens vers des adresses connues et appr\u00e9ci\u00e9es :<\/p>\n<p>Architecture d&rsquo;int\u00e9rieur : <a href=\"http:\/\/www.todelight.be\" target=\"_blank\">www.todelight.be<\/a><\/p>\n<p>Restaurant : <a href=\"http:\/\/www.aufildeleau.be\" target=\"_blank\">www.aufildeleau.be<\/a><\/p>\n<p>&nbsp;<\/p>\n","protected":false},"excerpt":{"rendered":"<p>Liens vers des adresses connues et appr\u00e9ci\u00e9es : Architecture d&rsquo;int\u00e9rieur : www.todelight.be Restaurant : www.aufildeleau.be &nbsp;<\/p>\n","protected":false},"author":1,"featured_media":0,"parent":0,"menu_order":0,"comment_status":"closed","ping_status":"closed","template":"","meta":{"footnotes":""},"_links":{"self":[{"href":"https:\/\/www.espc.be\/index.php\/wp-json\/wp\/v2\/pages\/11"}],"collection":[{"href":"https:\/\/www.espc.be\/index.php\/wp-json\/wp\/v2\/pages"}],"about":[{"href":"https:\/\/www.espc.be\/index.php\/wp-json\/wp\/v2\/types\/page"}],"author":[{"embeddable":true,"href":"https:\/\/www.espc.be\/index.php\/wp-json\/wp\/v2\/users\/1"}],"replies":[{"embeddable":true,"href":"https:\/\/www.espc.be\/index.php\/wp-json\/wp\/v2\/comments?post=11"}],"version-history":[{"count":5,"href":"https:\/\/www.espc.be\/index.php\/wp-json\/wp\/v2\/pages\/11\/revisions"}],"predecessor-version":[{"id":58,"href":"https:\/\/www.espc.be\/index.php\/wp-json\/wp\/v2\/pages\/11\/revisions\/58"}],"wp:attachment":[{"href":"https:\/\/www.espc.be\/index.php\/wp-json\/wp\/v2\/media?parent=11"}],"curies":[{"name":"wp","href":"https:\/\/api.w.org\/{rel}","templated":true}]}}