{"id":50,"date":"2017-01-23T11:53:16","date_gmt":"2017-01-23T10:53:16","guid":{"rendered":"http:\/\/www.espc.be\/?page_id=50"},"modified":"2017-01-23T11:53:16","modified_gmt":"2017-01-23T10:53:16","slug":"depannage-a-distance","status":"publish","type":"page","link":"https:\/\/www.espc.be\/index.php\/depannage-a-distance\/","title":{"rendered":"D\u00e9pannage \u00e0 Distance"},"content":{"rendered":"<p>Vous avez une question un soucis de configuration , mails, internet, &#8230;<\/p>\n<p>nous pouvons nous connecter \u00e0 distance gr\u00e2ce \u00e0 une petit logiciel<\/p>\n<p>&nbsp;<\/p>\n<p><a href=\"http:\/\/download.teamviewer.com\/download\/version_11x\/TeamViewerQS.exe\">CONNEXION A DISTANCE<\/a><\/p>\n","protected":false},"excerpt":{"rendered":"<p>Vous avez une question un soucis de configuration , mails, internet, &#8230; nous pouvons nous connecter \u00e0 distance gr\u00e2ce \u00e0 une petit logiciel &nbsp; CONNEXION A DISTANCE<\/p>\n","protected":false},"author":1,"featured_media":0,"parent":0,"menu_order":0,"comment_status":"closed","ping_status":"closed","template":"","meta":{"footnotes":""},"_links":{"self":[{"href":"https:\/\/www.espc.be\/index.php\/wp-json\/wp\/v2\/pages\/50"}],"collection":[{"href":"https:\/\/www.espc.be\/index.php\/wp-json\/wp\/v2\/pages"}],"about":[{"href":"https:\/\/www.espc.be\/index.php\/wp-json\/wp\/v2\/types\/page"}],"author":[{"embeddable":true,"href":"https:\/\/www.espc.be\/index.php\/wp-json\/wp\/v2\/users\/1"}],"replies":[{"embeddable":true,"href":"https:\/\/www.espc.be\/index.php\/wp-json\/wp\/v2\/comments?post=50"}],"version-history":[{"count":1,"href":"https:\/\/www.espc.be\/index.php\/wp-json\/wp\/v2\/pages\/50\/revisions"}],"predecessor-version":[{"id":51,"href":"https:\/\/www.espc.be\/index.php\/wp-json\/wp\/v2\/pages\/50\/revisions\/51"}],"wp:attachment":[{"href":"https:\/\/www.espc.be\/index.php\/wp-json\/wp\/v2\/media?parent=50"}],"curies":[{"name":"wp","href":"https:\/\/api.w.org\/{rel}","templated":true}]}}